*v - 5434. Calculate the remainder when 3077 is divided by v.
9
Let k(h) = -h**2 - 8*h + 52. Let m be (-1 - 1) + 48/(-3). Let t = 25 + m. What is the remainder when k(-10) is divided by t?
4
Let h(q) = 2*q**2 - 396*q + 2681. What is the remainder when ((-136)/14)/(30/(-105)) is divided by h(7)?
6
Let b be 3 - ((-17)/15 + 44/330). Suppose b*j - 430 = -4*h + 2*j, 4*j = h - 94. What is the remainder when h is divided by 38?
30
Let b be (35 + -41)*-1*2. Suppose -4*z + 9 + 3 = t, 0 = -3*z - b. What is the remainder when 131 is divided by t?
19
Suppose -44*b = -6*b - 950. Let j(u) = u**3 - 8*u**2 + 4*u + 4. Let n be j(7). Let k = b + n. Calculate the remainder when 30 is divided by k.
6
Let z = -8491 + 9004. Calculate the remainder when 1029 is divided by z.
3
Let s(b) = -2*b**3 - 14*b**2 + 113*b. Calculate the remainder when 423 is divided by s(-12).
3
Let y = -556 - -788. Suppose 31*d - y = 27*d. What is the remainder when d is divided by 5?
3
Let u be (2/2)/(7/14) + 133. Let v = -124 + u. Calculate the remainder when 12 is divided by v.
1
Let f(p) = 2*p**2 + 6*p + 6. What is the remainder when ((-12)/10)/((-2)/5) + (979 - 858) is divided by f(-4)?
12
Let a(q) = -q**2 + 661*q + 108. What is the remainder when 2352 is divided by a(0)?
84
Suppose 6*c = 95 + 13. Suppose 3*s = -5*v - 48 - 36, 3*v + s + 48 = 0. Let i = v + c. Calculate the remainder when i is divided by 3.
0
Calculate the remainder when (-35)/(-35) - (-414)/1 is divided by 235.
180
Let o(w) = -3*w**3 - 5*w**2 - 3*w. Suppose -235*c - 4 = -233*c. Calculate the remainder when o(-3) is divided by (25/(-15))/(c/30).
20
Suppose 4*d = 5*n + 187, 2*d = -4*n + 20 + 80. Calculate the remainder when d is divided by (-4 - (-82)/4) + (-1)/(-2).
14
Let r(i) = 10*i**2 - 9*i + 25*i - 8*i. Let c = 9 - 13. What is the remainder when r(c) is divided by 33?
29
Suppose -13*v = 1200 - 30476. What is the remainder when v is divided by 23?
21
Let r(b) be the third derivative of -37*b**6/30 + b**4/24 + b**3/3 + 35*b**2 + 2*b. What is the remainder when r(-1) is divided by 38?
35
What is the remainder when (-1 + 20 + 1)*10 is divided by (-10)/(-12) - (78/30)/(((-102)/1105)/1)?
26
Let a(x) = 3689*x**3 + 4*x**2 - 3*x + 1. Calculate the remainder when a(1) is divided by 142.
141
Suppose l = 0, -4 = -y + 5*l - 2. Suppose -4*x - 3*k = -2*x - 1, y*k = -x. Calculate the remainder when 5*(-1 - 13/(-5)) is divided by x.
0
Suppose -4*f + 16 = -f - 2*r, -4*r - 20 = -3*f. Suppose 4*b - 1963 = -7943. Calculate the remainder when b/(-45) + 6/(-27) is divided by f.
1
Let t = 35 - 25. Suppose -10*m = 2*m. Suppose -143 = -4*q - 4*l + 49, -l - 1 = m. Calculate the remainder when q is divided by t.
9
Suppose -l = 2*l - 39. Suppose 67*h = 30*h + 9102. Calculate the remainder when h is divided by l.
12
Let b be -6*(49/(-42) + 4/6). Let d be b/6*-4*-2. Suppose s - 27 + d = 0. Calculate the remainder when 250 is divided by s.
20
Let r = -68 + 68. Suppose 3*l = -r*h - h + 12, -2*h - 3*l + 27 = 0. Let s(x) = -x**3 + 16*x**2 - 15*x + 24. What is the remainder when s(h) is divided by 13?
11
Suppose -s + 938 = 3*i - 3872, -i = -3*s + 14420. Calculate the remainder when s is divided by 172.
163
Suppose -3*n - 21 = -42. What is the remainder when n is divided by 3?
1
Let c = 7472 + -6561. Calculate the remainder when c is divided by 27.
20
Let r = 287 + -287. Suppose 3*q = -w + 63, -4*q + r = -4. Calculate the remainder when w is divided by 8.
4
Let z = -24638 + 34595. What is the remainder when z is divided by 23?
21
Suppose 5*u = -9*n + 7*n + 1092, 2*n + u - 1092 = 0. What is the remainder when n is divided by 35?
21
Suppose 804 = -4*t + 3*g, -2*t + 3*g = 424 - 28. Let m = -203 - t. What is the remainder when 6 is divided by m?
0
Suppose -65*u - 21 = -68*u. Suppose -9*a + u*a = 0. Suppose a = -5*t + 3*t + 172. What is the remainder when t is divided by 22?
20
Suppose -2*v = -4*k - 144, -k - v - 26 = v. Let a = 35 + k. Calculate the remainder when 47 is divided by 21 + a + 2 + 0.
23
Suppose -y - 111 = -3*p + 55, 4*p = -3*y + 243. Suppose -l - o + p = 0, -4*l + 295 = l - 5*o. What is the remainder when l is divided by 22?
14
Suppose -669 = -83*w + 825. Suppose -10*c - 2*c + 1224 = 0. What is the remainder when c is divided by w?
12
Let f = 9532 - 9493. What is the remainder when 1514 is divided by f?
32
Suppose 87 = 3*f - 15. Let k = -35 - -48. What is the remainder when f is divided by k?
8
Let a(k) = k**3 - 4*k**2 + 5*k - 4. Let z be a(3). Let g = z + 58. What is the remainder when g is divided by (-2 - 45/(-25))*-155?
29
Suppose 568 = -5*a + n, -5*n + 359 = -3*a + 5. Let i = a - -156. Suppose -3*b + 3 = 0, 0 = 3*l + 3*b - i - 11. Calculate the remainder when 33 is divided by l.
16
Let i(c) = -c. Let o be i(6). Let r(y) = -2*y - 2. Let t(u) = 24*u + 23. Calculate the remainder when t(1) is divided by r(o).
7
Let q = -125 - -127. Suppose -q*i + 2*u + 226 = 0, -6*u = 5*i - 10*u - 570. What is the remainder when i is divided by 31?
25
Let w(k) = -k**2 + 18*k + 35. Let g be w(15). Let n = g - 47. Suppose 6*t = 3*t - 5*a + 33, n = 3*t + a. What is the remainder when 96 is divided by t?
8
Suppose -15*x = -89 - 16. Suppose 213 = -4*t + x*t. What is the remainder when t is divided by 22?
5
What is the remainder when 7/((-2)/10 - 14/((-91840)/1392)) is divided by 45?
34
Let f = 673 + -537. Let s = f + 217. Calculate the remainder when s is divided by 59.
58
Let v(m) = m**3 + 83*m**2 - 173*m - 196. What is the remainder when 5425 is divided by v(-85)?
56
Let m = 7057 - 5501. What is the remainder when m is divided by 26?
22
Suppose 149 + 1864 = 3*h - 4*r, -5*r + 1365 = 2*h. Suppose -4*a + 1506 = 5*f, -h = -5*f - 5*a + 830. What is the remainder when f is divided by 19?
17
What is the remainder when (54/(-15))/(2/(-30)) is divided by (25/(450/252))/1?
12
Suppose 26*x - 25*x - 16 = 0. Suppose l + x = 16. Suppose l = 6*y - 172 + 34. Calculate the remainder when y is divided by 13.
10
Suppose 0 = -2*o + 5*o - 30. Calculate the remainder when (-17 - -28 - -97 - 15)*1/3 is divided by o.
1
Suppose -h + 4*r - 16 = -0, 12 = 4*h + 3*r. Suppose 3*m + 6 = 0, 3*o - 91 = -h*o - m. Calculate the remainder when 78 is divided by o.
16
Let n = 3872 + -3842. What is the remainder when 422 is divided by n?
2
Let s = 136 + -153. Let q(h) = -24*h - 50. Calculate the remainder when q(s) is divided by 72.
70
Let b = -6525 - -6599. Calculate the remainder when b is divided by 3 + (6 + -4)/2.
2
Suppose -3*j = -2*c + 890, 220*c - 223*c + 5*j + 1331 = 0. What is the remainder when c is divided by 89?
12
Let z(q) = 34*q**3 - 19*q + 37. Calculate the remainder when z(2) is divided by 34.
33
Let t = -22861 + 23253. What is the remainder when t is divided by 97?
4
Let a(s) = -s**2 + 13*s - 10. What is the remainder when a(6) is divided by -4 + 17 + 0 - (-7 - -8)?
8
Let x be -6*1*(-155)/(-10). Calculate the remainder when (x - -102) + 1*548 is divided by 14.
11
Suppose -2*i + y + 278 = i, -i - 5*y + 66 = 0. Suppose 3*p + 0*p = 330. Suppose -5*m + p = -45. Calculate the remainder when i is divided by m.
29
Suppose 0 = -6*t + 2*t + 176. Suppose 16*w - 8*w - 1592 = 0. Let c = w + -194. Calculate the remainder when t is divided by c.
4
Calculate the remainder when 452 is divided by (0 - 18/21)*(-5586)/19.
200
Suppose 2*t = -n + 3 - 5, 3*n = -t + 14. Calculate the remainder when (-2)/n + (-1182)/(-9) is divided by 17.
12
What is the remainder when (2 - 9) + (-2 + -6 - -136) is divided by 27?
13
Let w = -94 - -91. Calculate the remainder when 76 is divided by ((-3)/(3/(-29)) - w) + -2.
16
Let a = -9901 - -10046. What is the remainder when 449 is divided by a?
14
Suppose 0*m + 4*m - 4*v - 40 = 0, -2*m = 5*v - 6. Suppose 112 = m*o + 48. Calculate the remainder when 31 is divided by o.
7
Let z(t) = 3*t - 58. Let x be z(20). Suppose -1 = x*s + 1. What is the remainder when -4 - -8 - (-36 + s) is divided by 16?
9
Calculate the remainder when 196 is divided by (3/(-1))/((-10)/(3600/27)).
36
Let c(i) = -636*i + 5771. Let y(w) = -w**3 + 2*w**2 + 2*w + 7. Calculate the remainder when c(9) is divided by y(3).
3
What is the remainder when 172 is divided by (22 - 8)*60/21?
12
Let g = 202 - 187. Calculate the remainder when 18 is divided by (25/g*6)/(0 + 1).
8
Calculate the remainder when 931 i